t the prime factors of 3177168103.
61, 52084723
What are the prime factors of 81472460?
2, 5, 241, 16903
What are the prime factors of 26875088?
2, 1679693
List the prime factors of 12288415.
5, 103, 107, 223
What are the prime factors of 6888605324?
2, 41, 42003691
List the prime factors of 285026231.
7, 43, 946931
List the prime factors of 364304924.
2, 1097, 83023
List the prime factors of 62797407.
3, 109, 181, 1061
What are the prime factors of 749719943?
7, 131, 116797
List the prime factors of 219244903.
17, 151, 223, 383
List the prime factors of 71649579.
3, 71, 359, 937
What are the prime factors of 119332130?
2, 5, 11933213
What are the prime factors of 241601439?
3, 191, 421643
List the prime factors of 1996021429.
43, 46419103
List the prime factors of 4192129442.
2, 31, 89, 759719
What are the prime factors of 399300133?
179, 2230727
What are the prime factors of 208394405?
5, 2393, 17417
What are the prime factors of 948605?
5, 7, 27103
What are the prime factors of 150961923?
3, 7, 139, 17239
What are the prime factors of 97332663?
3, 113, 287117
List the prime factors of 2888890842.
2, 3, 481481807
List the prime factors of 674922212.
2, 23, 181, 40531
List the prime factors of 35209261.
17, 19, 61, 1787
List the prime factors of 197431262.
2, 7, 71, 198623
List the prime factors of 11858323.
11858323
What are the prime factors of 103696993?
47, 1291, 1709
List the prime factors of 1283062687.
1283062687
What are the prime factors of 70581171?
3, 71, 331367
What are the prime factors of 477069713?
4447, 107279
List the prime factors of 33129945.
3, 5, 245407
What are the prime factors of 980379230?
2, 5, 98037923
What are the prime factors of 486805171?
317, 1535663
What are the prime factors of 205046063?
59, 67, 51871
List the prime factors of 2212897323.
3, 7, 13, 277, 2251
What are the prime factors of 2006564046?
2, 3, 19, 17601439
List the prime factors of 2155886707.
13, 2339, 70901
What are the prime factors of 33863943?
3, 11287981
What are the prime factors of 29258942?
2, 307, 47653
What are the prime factors of 204552604?
2, 6803, 7517
What are the prime factors of 229460162?
2, 37, 61, 50833
List the prime factors of 39648069.
3, 1468447
What are the prime factors of 199396711?
79, 2524009
List the prime factors of 45146638.
2, 22573319
What are the prime factors of 11909648?
2, 744353
List the prime factors of 662010184.
2, 11, 7522843
List the prime factors of 74916551.
89, 379, 2221
What are the prime factors of 23618534?
2, 47, 251261
What are the prime factors of 3008317495?
5, 601663499
List the prime factors of 82005049.
7, 137, 233, 367
List the prime factors of 425223602.
2, 233, 912497
List the prime factors of 4118520.
2, 3, 5, 7, 4903
List the prime factors of 60822195.
3, 5, 7, 579259
What are the prime factors of 59484650?
2, 5, 491, 2423
What are the prime factors of 1534826383?
71, 21617273
What are the prime factors of 193648529?
2137, 90617
List the prime factors of 577967288.
2, 72245911
What are the prime factors of 11440451?
11, 19, 43, 67
List the prime factors of 365139452.
2, 31, 2944673
List the prime factors of 85354544.
2, 11, 83, 5843
List the prime factors of 17038016.
2, 53, 5023
List the prime factors of 120574660.
2, 5, 2269, 2657
What are the prime factors of 1091019923?
7, 733, 212633
What are the prime factors of 4267928540?
2, 5, 17, 37, 339263
What are the prime factors of 2862557345?
5, 23, 24891803
List the prime factors of 6741849980.
2, 5, 9011, 37409
What are the prime factors of 3876153135?
3, 5, 193, 827, 1619
What are the prime factors of 201409353?
3, 17, 1316401
What are the prime factors of 261160135?
5, 52232027
List the prime factors of 358929549.
3, 11, 29, 479
What are the prime factors of 37989217?
7, 29, 187139
What are the prime factors of 107858487?
3, 11, 3268439
List the prime factors of 678876244.
2, 169719061
What are the prime factors of 119319007?
89, 199, 6737
What are the prime factors of 2711436364?
2, 7, 13, 83, 12821
List the prime factors of 707366210.
2, 5, 163, 433967
What are the prime factors of 903688035?
3, 5, 47, 1281827
What are the prime factors of 167395366?
2, 29, 2886127
What are the prime factors of 505582286?
2, 11, 19, 31, 3547
What are the prime factors of 280349057?
17, 2909, 5669
List the prime factors of 1241262600.
2, 3, 5, 223, 9277
List the prime factors of 495256476.
2, 3, 11, 13, 257, 1123
List the prime factors of 1060927131.
3, 11, 32149307
List the prime factors of 41972076.
2, 3, 71, 16421
What are the prime factors of 439624889?
11, 601, 66499
What are the prime factors of 322681172?
2, 11, 53, 138371
List the prime factors of 202111560.
2, 3, 5, 7, 139, 577
What are the prime factors of 678977217?
3, 19, 661, 6007
What are the prime factors of 129449323?
7591, 17053
What are the prime factors of 305159879?
373, 818123
List the prime factors of 22479147.
3, 19, 29, 1511
What are the prime factors of 4202328603?
3, 11, 127343291
List the prime factors of 22952441.
73, 229, 1373
What are the prime factors of 95449885?
5, 23, 107, 7757
List the prime factors of 58402109.
31, 1883939
What are the prime factors of 376179515?
5, 75235903
List the prime factors of 3397362856.
2, 101, 4204657
List the prime factors of 4290209273.
7, 612887039
List the prime factors of 511417523.
29, 1721, 10247
List the prime factors of 24653742.
2, 3, 31, 132547
What are the prime factors of 2752851256?
2, 9433, 36479
What are the prime factors of 20325654?
2, 3, 37, 3391
What are the prime factors of 308261161?
13, 23712397
List the prime factors of 35798723.
97, 181, 2039
List the prime factors of 11195372.
2, 83, 33721
List the prime factors of 28190458.
2, 14095229
What are the prime factors of 29086535?
5, 89, 163, 401
What are the prime factors of 199183321?
37, 47, 2437
List the prime factors of 84971252.
2, 773, 27481
What are the prime factors of 39677800?
2, 5, 29, 6841
What are the prime factors of 37839609?
3, 467, 3001
List the prime factors of 771171228.
2, 3, 367, 58369
List the prime factors of 839970149.
367, 2288747
What are the prime factors of 1221191958?
2, 3, 7, 29075999
List the prime factors of 1140237517.
5297, 215261
List the prime factors of 101457573.
3, 7, 29, 166597
What are the prime factors of 72483530?
2, 5, 7, 1035479
What are the prime factors of 31475184?
2, 3, 13, 50441
What are the prime factors of 408476785?
5, 2459, 33223
What are the prime factors of 325039049?
61, 719, 7411
List the prime factors of 732234521.
19, 38538659
What are the prime factors of 4853102167?
79, 1489, 41257
List the prime factors of 339233904.
2, 3, 19, 123989
List the prime factors of 1738166302.
2, 1163, 747277
What are the prime factors of 168577563?
3, 7, 11, 66343
What are the prime factors of 2532708457?
23, 41, 157, 17107
What are the prime factors of 1201321354?
2, 17, 35332981
What are the prime factors of 152786931?
3, 11, 59, 97, 809
List the prime factors of 1944493356.
2, 3, 13, 157, 79393
List the prime factors of 2181223691.
311, 7013581
List the prime factors of 145800316.
2, 31, 293, 4013
What are the prime factors of 138261761?
11, 271, 46381
List the prime factors of 4908440119.
11, 167, 2671987
What are the prime factors of 154446947?
154446947
List the prime factors of 33612221.
109, 401, 769
What are the prime factors of 165459689?
165459689
What are the prime factors of 2638117815?
3, 5, 347, 506843
What are the prime factors of 1672123698?
2, 3, 7, 71, 409, 457
What are the prime factors of 64559875?
5, 239, 2161
What are the prime factors of 1331018159?
1331018159
List the prime factors of 2745253834.
2, 59, 509, 45707
What are the prime factors of 320769311?
17, 18868783
What are the prime factors of 67280760?
2, 3, 5, 62297
What are the prime factors of 3322786339?
3322786339
List the prime factors of 1388759732.
2, 127, 2733779
List the prime factors of 20390599.
17, 1199447
What are the prime factors of 81880170?
2, 3, 5, 43, 63473
List the prime factors of 7105118678.
2, 7, 1867, 38833
List the prime factors of 57939625.
5, 379, 1223
What are the prime factors of 176514672?
2, 3, 17, 216317
What are the prime factors of 58037553?
3, 7, 102359
List the prime factors of 461585117.
7, 5209, 12659
